-8e?
-213
In base 3, what is -120102 - 1022?
-121201
In base 11, what is 13605 - -2?
13607
In base 8, what is 6 + 6315524?
6315532
In base 13, what is -5 - 297824?
-297829
In base 5, what is 4301 + -133?
4113
In base 13, what is -24729 - -4?
-24725
In base 8, what is -1 - -63435?
63434
In base 16, what is 0 - -7901a?
7901a
In base 9, what is 4240 + 116?
4356
In base 10, what is -8 - 7405?
-7413
In base 10, what is 388 - 857?
-469
In base 6, what is 131442 + -1?
131441
In base 15, what is 3c49b + 4?
3c4a0
In base 6, what is -3 + -40050323?
-40050330
In base 13, what is -28519 - -1a?
-284cc
In base 13, what is 0 - -2950a?
2950a
In base 6, what is -21411 + 4?
-21403
In base 4, what is -10 + 21211?
21201
In base 11, what is 0 + 1264?
1264
In base 4, what is -1 + 100313011?
100313010
In base 4, what is -33 - -2011310?
2011211
In base 14, what is -3 - -4cd3?
4cd0
In base 16, what is 1 - -29e6?
29e7
In base 11, what is 7 - -2168?
2174
In base 5, what is -43001 + -1232?
-44233
In base 7, what is -2 + -212641?
-212643
In base 16, what is -9df - -9?
-9d6
In base 2, what is -10100001111 - 10001000010?
-100101010001
In base 14, what is 1 + -121906?
-121905
In base 15, what is 10 + 31c4?
31d4
In base 3, what is 10020202 - 11?
10020121
In base 2, what is -11101 + 10011000010010010?
10011000001110101
In base 11, what is 11048 - 4?
11044
In base 10, what is -3 + -30863?
-30866
In base 6, what is 3 - -5523550?
5523553
In base 11, what is 5 - -52201?
52206
In base 11, what is -2 + -2a689?
-2a690
In base 9, what is 3 - 1133887?
-1133884
In base 11, what is 2158 - -11?
2169
In base 13, what is 16453 - -1?
16454
In base 15, what is -40e20e + 0?
-40e20e
In base 3, what is -222101 + 101110112?
100111011
In base 16, what is 3 - -6b94?
6b97
In base 14, what is -5da - 5a?
-656
In base 6, what is 13 + 14050302?
14050315
In base 4, what is -1323103 - -3203?
-1313300
In base 9, what is -475 + 41?
-434
In base 7, what is -2016 + 11103?
6054
In base 13, what is -b + -2bb?
-2c9
In base 2, what is 11 - -1001101000101110?
1001101000110001
In base 13, what is -9 - 3534?
-3540
In base 2, what is 1100101101 - -1100110100?
11001100001
In base 6, what is -4453052 + 0?
-4453052
In base 5, what is -424204030 - -3?
-424204022
In base 14, what is -2629b1 + 3?
-2629ac
In base 4, what is 30 + -33030220?
-33030130
In base 13, what is -c9b5 - 6?
-c9bb
In base 8, what is 770634 - -1?
770635
In base 5, what is 100 + -131242?
-131142
In base 15, what is 81cc9 - 9?
81cc0
In base 16, what is 3d271 - 1?
3d270
In base 5, what is 430 + 2103?
3033
In base 3, what is 212 - 120201?
-112212
In base 13, what is -5 - -18c66?
18c61
In base 10, what is 1 + 9517?
9518
In base 5, what is 1003 - 1034?
-31
In base 7, what is 6334 + -10?
6324
In base 15, what is -359cc - 6?
-359d3
In base 4, what is 3003 + -111302?
-102233
In base 4, what is 2010221333 + 10?
2010222003
In base 8, what is -6 - 11427?
-11435
In base 14, what is -9b183 - -4?
-9b17d
In base 4, what is -3 - 213003113?
-213003122
In base 5, what is 301 + -3043?
-2242
In base 6, what is 1 + -3011043?
-3011042
In base 5, what is 2220 + 324443?
332213
In base 2, what is -11 + -10010011011101010?
-10010011011101101
In base 16, what is 4 + -468f?
-468b
In base 13, what is 74c2 - 5?
74ba
In base 11, what is -39 + -1723?
-1761
In base 6, what is 4300 + 305?
5005
In base 7, what is -535616 + 6?
-535610
In base 14, what is 253 - -1c85?
20d8
In base 16, what is -62 - -309?
2a7
In base 14, what is -79d0 + -53?
-7a43
In base 5, what is -4301331 + 10?
-4301321
In base 7, what is 320325 + -15?
320310
In base 8, what is -527 + -3?
-532
In base 15, what is -24025 + -d?
-24033
In base 5, what is 31100042 - -23?
31100120
In base 7, what is -2 + 66502?
66500
In base 12, what is -2a6 - 1112?
-13b8
In base 16, what is -2974 - -6c?
-2908
In base 4, what is -312321 + 1?
-312320
In base 13, what is 1731a + -21?
172c9
In base 7, what is 12255 + -15?
12240
In base 7, what is -2604 - 4121?
-10025
In base 5, what is -4 + 20244?
20240
In base 15, what is d0d + -69?
c94
In base 13, what is -7 - -1397a?
13973
In base 16, what is 564 + 26?
58a
In base 15, what is -18350 - 3?
-18353
In base 15, what is -5 - 1875?
-187a
In base 15, what is 11ce + -77b?
953
In base 9, what is -11 - 5421?
-5432
In base 8, what is -126 + -1620?
-1746
In base 5, what is 11313 - 401?
10412
In base 5, what is 3 + -232442?
-232434
In base 2, what is -100 - 1010000100001?
-1010000100101
In base 2, what is 10 - -11101001010?
11101001100
In base 2, what is -10101100011111101 + -10?
-10101100011111111
In base 3, what is 112 - 12220022121?
-12220022002
In base 5, what is 312310 - 2?
312303
In base 3, what is 110011 + 2111?
112122
In base 9, what is 125267 + 3?
125271
In base 9, what is -5 + 722057?
722052
In base 16, what is -6f908 - -2?
-6f906
In base 5, what is -114221 - -1244?
-112422
In base 4, what is 3223 - -2302131?
2312020
In base 4, what is -13 - 1031203?
-1031222
In base 2, what is -111010 - -1001111011?
1001000001
In base 15, what is 374ac5 + 1?
374ac6
In base 12, what is a + -76b3?
-76a5
In base 15, what is 228 - 2d?
1ea
In base 7, what is -45 - 32105?
-32153
In base 5, what is 100004 + -1?
100003
In base 4, what is -2131331011 - -10?
-2131331001
In base 3, what is -1210 - -2010012?
2001102
In base 5, what is 443 - -2303?
3301
In base 13, what is 73672 - -1?
73673
In base 7, what is 503464 - -10?
503504
In base 2, what is 100 - -11001101?
11010001
In base 9, what is 8 - 2226?
-2217
In base 3, what is 1220111202 + 12?
1220111221
In base 8, what is 50 - -6624?
6674
In base 14, what is -1 + -652a?
-652b
In base 15, what is 0 - 1696cc?
-1696cc
In base 14, what is 1 + 1d4c?
1d4d
In base 7, what is -15014 + -3?
-15020
In base 5, what is -1 + 112301?
112300
In base 5, what is -132403 - 1023?
-133431
In base 12, what is 17b + 27?
1a6
In base 2, what is 0 - -1111100110100?
1111100110100
In base 8, what is 5 - 436037?
-436032
In base 11, what is 6465 + 3?
6468
In base 8, what is -3 - -2570512?
2570507
In base 5, what is -3243 + 2320?
-423
In base 15, what is 4 + -b8b81?
-b8b7c
In base 13, what is 703 + 28?
72b
In base 4, what is -2010100122 - 2?
-2010100130
In base 11, what is 3336 - -2?
3338
In base 15, what is 4882 - -a?
488c
In base 15, what is -4 - -18159?
18155
In base 7, what is -52313 - -212?
-52101
In base 5, what is -4 - -24303?
24244
In base 9, what is 28 + 343?
372
In base 4, what is -101320012 - 3?
-101320021
In base 4, what is -32 + -2323131?
-2323223
In base 16, what is -5 + 7e56a?
7e565
In base 4, what is 1201012 + 3233?
1210311
In base 4, what is 2 + 1213131012?
1213131020
In base 4, what is -22 - -1000110101?
1000110013
In base 9, what is -118 + 1483?
1364
In base 13, what is -37 + -4ac8?
-4b32
In base 2, what is -10101 + -1100?
-100001
In base 6, what is -13 - 20205?
-20222
In base 8, what is 2253 + -127?
2124
In base 7, what is 1216263 - -5?
1216301
In base 11, what is 41786 - -3?
41789
In base 8, what is 25335 + -20?
25315
In base 10, what is 34 - 22520?
-22486
In base 8, what is 7576 + -6?
7570
In base 14, what is -322 + 2b?
-2d5
In base 12, what is 21b26 + 3?
21b29
In base 2, what is 1 - 1001111110000000?
-1001111101111111
In base 4, what is -100200 + 232?
-33302
In base 3, what is 221020 - -21202021?
22200111
In base 13, what is -39 + 84?
48
In base 4, what is 131 + 1200201?
1200332
In base 9, what is -2383 - 2?
-2385
In base 9, what is 4705 - 7?
4687
In base 14, what is 80506 - -2?
80508
In base 16, what is 20bf + 4?
20c3
In base 12, what is -68b3 - 50?
-6943
In base 4, what is -32 + -12203?
-12301
In base 8, what is 7320064 - -2?
7320066
In base 10, what is -48 - 1357?
-1405
In base 12, what is 5 - -5102?
5107
In base 4, what is 3000102 - 12?
3000030
In base 2, what is -100000000011110 - -10?
-100000000011100
In base 8, what is -10116 + 10?
-10106
In base 2, what is -100110 - 101100010011?
-101100111001
In base 11, what is 2 - 3668?
-3666
In base 6, what is 3510431 - -4?
3510435
In base 11, what is -65 + -138?
-1a2
In base 7, what is -5 + -3031621?
-3031626
In base 4, what is -1011232 - -10?
-1011222
In base 10, what is 131 + 4838?
4969
In base 2, what is 100011 - 10010010000?
-10001101101
In base 6, what is -5 + -511154?
-511203
In base 2, what is 0 - 110010101101100101?
-110010